(-1)/(-12) + (-287)/(-588)). Calculate the highest common divisor of 77 and s.
11
Let z(h) = 371*h - 341. Let m be z(1). Calculate the greatest common factor of 1965 and m.
15
Let b be (26/4)/(8/192). Suppose r - 492 = l - 609, r = -2*l + 234. Calculate the greatest common divisor of b and l.
39
Let t(u) = -317*u - 653. Let s be t(-35). Calculate the highest common factor of 46 and s.
46
Let w(l) = -4*l**3 + 20*l**2 + 27*l + 4. Let m be w(6). What is the highest common divisor of 4246 and m?
22
Let m be (70/(-8))/(5/(-100) + 0). What is the greatest common divisor of m and 2170?
35
Let d(l) = -3*l**3 + 43*l**2 + 6*l + 40. Let b be d(14). Suppose -9*p + b = -8*p. What is the greatest common divisor of p and 5?
5
Let j be (-5 - (-210)/(-12))/(150/(-40) + 3). Let m = -21 - -63. What is the highest common factor of j and m?
6
Suppose -2*u + j + 32 = 0, 5*j + 48 = 48*u - 46*u. Suppose n - 72 = -5*n. What is the greatest common divisor of n and u?
2
Suppose x = -3*k - 110, -241 = 2*x + 3*k - 4*k. Let c = -94 - x. What is the greatest common divisor of c and 325?
25
Suppose -2588696 = -291*u - 44774. Calculate the greatest common divisor of 94 and u.
94
Let n be 4 + (-1)/(-4)*3812 + (-8 - -5). What is the highest common factor of 252 and n?
18
Let w be -1 - (-2 + -2) - 27. Let r = 60 - w. Suppose -r = 5*z - 19*z. Calculate the greatest common divisor of z and 12.
6
Let u = -12 + 0. Let o be (174 - 2) + -3*u/9. Suppose o = 2*c + 2*c. What is the highest common factor of 132 and c?
44
Suppose -3905 = -14*v + 211. Calculate the highest common divisor of v and 210.
42
Let s = -17 - -19. Calculate the highest common factor of 1768 and s.
2
Suppose 0 = 29*b - 149 - 895. Calculate the greatest common divisor of 824 and b.
4
Let w be 6/(-4)*((-13420)/30 + -10). Let f = -430 + w. What is the highest common factor of 16 and f?
16
Let g(r) = 5*r**2 + 45*r - 900. Let h be g(-41). What is the highest common factor of h and 20?
20
Let y = -34 - -32. Let o be 4/y - -53 - 11/11. Calculate the greatest common divisor of o and 350.
50
Let u(y) = -3*y - 3 + 45*y**2 - 2 - 43*y**2. Let k be u(4). Suppose m - 159 + k = 0. Calculate the highest common divisor of 16 and m.
16
Let b(s) = -242*s - 26. Let i be b(-1). Let j = 664 - 568. Calculate the highest common factor of j and i.
24
Suppose -16*z + 960 = 8*z + 816. Suppose 2*c + 4 = 40. Calculate the highest common factor of c and z.
6
Let r(t) = t**2 + 5*t - 11. Let w be r(-6). Let p(g) = 5*g + 151. Let k be p(w). What is the highest common factor of k and 72?
18
Let z(n) = 336*n - 233. Let o be z(3). What is the highest common divisor of 3255 and o?
155
Suppose -o + 5 = -j, -3*j - 2*o + 9 = 49. Let x be (230*1)/5 + j + 6. What is the highest common divisor of 63 and x?
21
Let n be ((-3)/2)/((-18)/1536). Suppose 7*f - 6*f = n. Let u be f/24 + 2/3. What is the greatest common factor of 15 and u?
3
Let d(a) = a**2 + 6*a + 231. Let g be d(11). Calculate the greatest common divisor of 228 and g.
38
Let b = 28699 + -28686. Suppose 5*z - 6*z + 299 = 0. What is the greatest common divisor of z and b?
13
Let c(q) = -3*q**2 - 81*q + 48. Let m be c(-25). Let y = 66 - 22. What is the greatest common divisor of y and m?
22
Let t be 168/1302*31 - -2*8. Let y(f) = 14*f + 4. Let u be y(4). Calculate the highest common divisor of u and t.
20
Let k(y) = -1147*y + 3621. Let b be k(3). Calculate the highest common factor of b and 2940.
60
Let k(h) be the second derivative of h**4/6 + 2*h**3 - 45*h**2/2 - 100*h. Let i be k(-16). Calculate the highest common divisor of i and 25.
25
Let u(o) be the first derivative of -16 + 5/3*o**3 + 11/2*o**2 - 1/4*o**4 - 19*o. Let x be u(6). What is the greatest common factor of 99 and x?
11
Let m(n) = 121*n - 565. Let v be m(6). Calculate the greatest common divisor of 92 and v.
23
Let h be (-80)/((-9)/(-15)*((-40)/(-12) + -4)). Suppose 3 = -4*q + q, z - q = 161. Calculate the highest common factor of h and z.
40
Suppose -5*r - 66 = 6*r. Let k be -2*r*(-5 - (-6 + 0)). Calculate the highest common divisor of 384 and k.
12
Let g = 28 + 27. Suppose q = -4*o + 22, o + o + 2*q - 14 = 0. Suppose o*r - 5 = -4*b, 4*b = 2*r - 0*r - 30. Calculate the highest common factor of r and g.
5
Let j = 3099 + -2357. What is the greatest common divisor of j and 14?
14
Let m be (-9)/18*-242*5. Let w = -29540 + 29650. What is the greatest common divisor of w and m?
55
Let i = 1637 + -1635. Calculate the greatest common factor of 298 and i.
2
Let f = 28302 + -23355. Calculate the highest common divisor of 3 and f.
3
Let y = 3696 - 6182. Let z be -7 + 192/30 + y/(-10). Calculate the highest common factor of z and 93.
31
Let w(f) be the first derivative of -f**3/3 + 10*f**2 - 32*f + 3. Let y be w(18). Let m be 3072/44 + y/22. Calculate the greatest common divisor of m and 14.
14
Let k = -12253 + 13853. What is the greatest common factor of k and 240?
80
Let u(d) = -5*d**2 - 7*d + 42. Let x(a) = 9*a**2 + 15*a - 85. Let r(w) = 5*u(w) + 3*x(w). Let q be r(4). Calculate the greatest common divisor of q and 108.
27
Suppose 9*f + 2*f = -0*f + 28688. What is the greatest common divisor of f and 24?
8
Let c be (3/(-2))/((-15)/3130). Let f = 529 - c. What is the highest common divisor of f and 12?
12
Let a be 2/(-24) - 138263/(-4596). Calculate the highest common divisor of a and 22410.
30
Let x(k) = 2*k**2 + 648*k - 8426. Let q be x(13). Calculate the greatest common divisor of 1584 and q.
48
Suppose i - 2*d = 57 - 52, 3*i - 40 = d. Let l be 1/((-4)/(-37))*(i - 11). Calculate the greatest common divisor of l and 333.
37
Suppose -7*i - o = -2007, i + 3*o - 151 - 150 = 0. Suppose 3*r - 104 - 13 = 0. Calculate the greatest common factor of i and r.
13
Suppose 152 = 2*r - 154. Suppose -176 = -2*q - 5*b, 0*b - 88 = -q - b. Let x = r - q. What is the greatest common divisor of x and 26?
13
Let o be 131 - (-8*15/300)/(2/10). What is the highest common divisor of 14 and o?
7
Suppose 78*u - 338 = -91*u. Calculate the greatest common divisor of 61 and u.
1
Let h(r) = 4*r**2 + 6*r - 10. Let f be h(10). Suppose t - 170 = -3*a, -24*a = -3*t - 21*a + f. Calculate the highest common divisor of 31 and t.
31
Suppose -241*b + 485*b = 261*b - 1139. Calculate the highest common divisor of b and 23.
1
Let v(i) = -14*i - 22. Let w be v(-17). Suppose 30 = 3*r - w. Let m = -75 + r. Calculate the greatest common factor of m and 63.
7
Let v(q) = 282*q + 10 + 125*q - 9 + 8. Let a be v(1). Calculate the highest common divisor of a and 32.
32
Let z be (-3 - 2)*(-9)/15. Let h be -15*((-1 - z) + 6 + -3). What is the highest common factor of h and 25?
5
Suppose 3*x + 5*j + 10 = 8*x, 0 = -3*x + 2*j + 5. Let y be ((-9)/(126/3367))/(x/(-2)). What is the greatest common divisor of 13 and y?
13
Let x(f) = -16*f + 192. Let a be x(-26). What is the highest common factor of 80 and a?
16
Let k(v) = 6*v + 196. Let d be k(-1). What is the greatest common divisor of d and 3515?
95
Let j be ((-3)/(-10)*-4)/((-19)/((-281295)/(-18))). Calculate the greatest common factor of 84 and j.
21
Suppose -2*t - 3*z = -230, -4*z = -5*t + 686 - 134. Suppose -4*w + t = 4*r, 2*r = w + 18 + 29. What is the highest common factor of 100 and r?
25
Let x be 2 - (2 - 0)*-47. Suppose -n + 164 = -212. Let o = n + -352. Calculate the greatest common factor of o and x.
24
Let f = 354 - 225. Suppose 4*z + f = -4*g + 5*g, 3*g - 5*z = 380. Calculate the greatest common factor of g and 75.
25
Let f be 1*2 + -21 + 9. Let v be 40/16*2 + 0. Let z be (-4)/(-8)*f*(-21)/v. What is the greatest common factor of z and 231?
21
Let v(w) = -13*w - 28. Let k be v(-4). What is the highest common divisor of 824 and k?
8
Let a(v) = 6*v**2 - 14*v - 43. Let w be a(16). Calculate the highest common factor of w and 94.
47
Suppose -2*b - 2 = 2*l - 4, -5*l + 23 = -4*b. Let w be -2*((-2)/l - 89/6). Let a = -5 + w. What is the highest common factor of 182 and a?
26
Let t(p) = 4*p**2 - 94*p + 40. Let c be t(24). What is the greatest common divisor of 33 and c?
11
Let m(f) = -345*f - 4314. Let n be m(-17). What is the highest common divisor of n and 987?
141
Let d = -14 + 22. Suppose -8*b - 67 = -9*b. Suppose 45 + b = 2*o. Calculate the highest common factor of o and d.
8
Suppose -37*x + 27*x + 3870 = 0. Let f = -372 + x. What is t